{"id":374,"date":"2024-01-25T22:35:28","date_gmt":"2024-01-26T01:35:28","guid":{"rendered":"https:\/\/ceibchapeco.com.br\/fundamental\/?post_type=diferencias-pedagogi&#038;p=374"},"modified":"2025-09-08T17:45:09","modified_gmt":"2025-09-08T20:45:09","slug":"mostra-de-conhecimento-e-iniciacao-cientifica","status":"publish","type":"diferencias-pedagogi","link":"https:\/\/ceibchapeco.com.br\/fundamental\/diferencia-pedagogic\/mostra-de-conhecimento-e-iniciacao-cientifica\/","title":{"rendered":"Mostra de Conhecimento e Inicia\u00e7\u00e3o Cient\u00edfica!"},"content":{"rendered":"\n<p>Toda a escola participou com muito entusiasmo, criatividade e curiosidade cient\u00edfica. \ud83e\udde0\ud83d\udca1<br>Foram momentos incr\u00edveis de aprendizado, troca de experi\u00eancias e descobertas que nos encheram de orgulho!<\/p>\n\n\n\n<iframe src=\"https:\/\/ceibchapeco.com.br\/360\/feira2025\/\" width=\"100%\" height=\"600px\"><\/iframe>\n","protected":false},"featured_media":337,"template":"","meta":[],"_links":{"self":[{"href":"https:\/\/ceibchapeco.com.br\/fundamental\/wp-json\/wp\/v2\/diferencias-pedagogi\/374"}],"collection":[{"href":"https:\/\/ceibchapeco.com.br\/fundamental\/wp-json\/wp\/v2\/diferencias-pedagogi"}],"about":[{"href":"https:\/\/ceibchapeco.com.br\/fundamental\/wp-json\/wp\/v2\/types\/diferencias-pedagogi"}],"wp:featuredmedia":[{"embeddable":true,"href":"https:\/\/ceibchapeco.com.br\/fundamental\/wp-json\/wp\/v2\/media\/337"}],"wp:attachment":[{"href":"https:\/\/ceibchapeco.com.br\/fundamental\/wp-json\/wp\/v2\/media?parent=374"}],"curies":[{"name":"wp","href":"https:\/\/api.w.org\/{rel}","templated":true}]}}

Mostra de Conhecimento e Iniciação Científica!

<p>Toda a escola participou com muito entusiasmo, criatividade e curiosidade científica. 🧠💡<br>Foram momentos incríveis de aprendizado, troca de experiências e descobertas que nos encheram de orgulho!</p>



<iframe src="https://ceibchapeco.com.br/360/feira2025/" width="100%" height="600px"></iframe>
