{"id":1449,"date":"2025-02-18T09:52:02","date_gmt":"2025-02-18T12:52:02","guid":{"rendered":"https:\/\/ceibchapeco.com.br\/infantil\/?post_type=galeria-de-fotos&#038;p=1449"},"modified":"2025-02-18T09:52:02","modified_gmt":"2025-02-18T12:52:02","slug":"dinamica-de-volta-as-aulas-infantil-3-video","status":"publish","type":"galeria-de-fotos","link":"https:\/\/ceibchapeco.com.br\/infantil\/galeria-de-fotos\/dinamica-de-volta-as-aulas-infantil-3-video\/","title":{"rendered":"DIN\u00c2MICA DE VOLTA \u00c0S AULAS- INFANTIL 3 (v\u00eddeo)"},"featured_media":0,"template":"","_links":{"self":[{"href":"https:\/\/ceibchapeco.com.br\/infantil\/wp-json\/wp\/v2\/galeria-de-fotos\/1449"}],"collection":[{"href":"https:\/\/ceibchapeco.com.br\/infantil\/wp-json\/wp\/v2\/galeria-de-fotos"}],"about":[{"href":"https:\/\/ceibchapeco.com.br\/infantil\/wp-json\/wp\/v2\/types\/galeria-de-fotos"}],"wp:attachment":[{"href":"https:\/\/ceibchapeco.com.br\/infantil\/wp-json\/wp\/v2\/media?parent=1449"}],"curies":[{"name":"wp","href":"https:\/\/api.w.org\/{rel}","templated":true}]}}

DINÂMICA DE VOLTA ÀS AULAS- INFANTIL 3 (vídeo)
