{"id":1548,"date":"2025-03-24T10:08:34","date_gmt":"2025-03-24T13:08:34","guid":{"rendered":"https:\/\/ceibchapeco.com.br\/infantil\/?post_type=galeria-de-fotos&#038;p=1548"},"modified":"2025-03-24T10:22:35","modified_gmt":"2025-03-24T13:22:35","slug":"contacao-de-hisorias","status":"publish","type":"galeria-de-fotos","link":"https:\/\/ceibchapeco.com.br\/infantil\/galeria-de-fotos\/contacao-de-hisorias\/","title":{"rendered":"CONTA\u00c7\u00c3O DE HIS\u00d3RIAS &#8211; BER\u00c7\u00c1RIO FASE II"},"featured_media":1554,"template":"","_links":{"self":[{"href":"https:\/\/ceibchapeco.com.br\/infantil\/wp-json\/wp\/v2\/galeria-de-fotos\/1548"}],"collection":[{"href":"https:\/\/ceibchapeco.com.br\/infantil\/wp-json\/wp\/v2\/galeria-de-fotos"}],"about":[{"href":"https:\/\/ceibchapeco.com.br\/infantil\/wp-json\/wp\/v2\/types\/galeria-de-fotos"}],"wp:featuredmedia":[{"embeddable":true,"href":"https:\/\/ceibchapeco.com.br\/infantil\/wp-json\/wp\/v2\/media\/1554"}],"wp:attachment":[{"href":"https:\/\/ceibchapeco.com.br\/infantil\/wp-json\/wp\/v2\/media?parent=1548"}],"curies":[{"name":"wp","href":"https:\/\/api.w.org\/{rel}","templated":true}]}}

CONTAÇÃO DE HISÓRIAS &#8211; BERÇÁRIO FASE II
