{"id":1586,"date":"2025-03-31T10:04:54","date_gmt":"2025-03-31T13:04:54","guid":{"rendered":"https:\/\/ceibchapeco.com.br\/infantil\/?post_type=galeria-de-fotos&#038;p=1586"},"modified":"2025-03-31T10:04:54","modified_gmt":"2025-03-31T13:04:54","slug":"contacao-de-historias-infantil-2","status":"publish","type":"galeria-de-fotos","link":"https:\/\/ceibchapeco.com.br\/infantil\/galeria-de-fotos\/contacao-de-historias-infantil-2\/","title":{"rendered":"CONTA\u00c7\u00c3O DE HIST\u00d3RIAS &#8211; INFANTIL 2"},"featured_media":1588,"template":"","_links":{"self":[{"href":"https:\/\/ceibchapeco.com.br\/infantil\/wp-json\/wp\/v2\/galeria-de-fotos\/1586"}],"collection":[{"href":"https:\/\/ceibchapeco.com.br\/infantil\/wp-json\/wp\/v2\/galeria-de-fotos"}],"about":[{"href":"https:\/\/ceibchapeco.com.br\/infantil\/wp-json\/wp\/v2\/types\/galeria-de-fotos"}],"wp:featuredmedia":[{"embeddable":true,"href":"https:\/\/ceibchapeco.com.br\/infantil\/wp-json\/wp\/v2\/media\/1588"}],"wp:attachment":[{"href":"https:\/\/ceibchapeco.com.br\/infantil\/wp-json\/wp\/v2\/media?parent=1586"}],"curies":[{"name":"wp","href":"https:\/\/api.w.org\/{rel}","templated":true}]}}

CONTAÇÃO DE HISTÓRIAS &#8211; INFANTIL 2
