{"id":1121,"date":"2024-10-30T09:42:33","date_gmt":"2024-10-30T12:42:33","guid":{"rendered":"https:\/\/ceibchapeco.com.br\/infantil\/?post_type=projetos&#038;p=1121"},"modified":"2024-10-30T09:42:33","modified_gmt":"2024-10-30T12:42:33","slug":"semana-da-crianca-bercario-fase-i","status":"publish","type":"projetos","link":"https:\/\/ceibchapeco.com.br\/infantil\/projetos\/semana-da-crianca-bercario-fase-i\/","title":{"rendered":"SEMANA DA CRIAN\u00c7A- BER\u00c7\u00c1RIO FASE I"},"featured_media":1129,"template":"","_links":{"self":[{"href":"https:\/\/ceibchapeco.com.br\/infantil\/wp-json\/wp\/v2\/projetos\/1121"}],"collection":[{"href":"https:\/\/ceibchapeco.com.br\/infantil\/wp-json\/wp\/v2\/projetos"}],"about":[{"href":"https:\/\/ceibchapeco.com.br\/infantil\/wp-json\/wp\/v2\/types\/projetos"}],"wp:featuredmedia":[{"embeddable":true,"href":"https:\/\/ceibchapeco.com.br\/infantil\/wp-json\/wp\/v2\/media\/1129"}],"wp:attachment":[{"href":"https:\/\/ceibchapeco.com.br\/infantil\/wp-json\/wp\/v2\/media?parent=1121"}],"curies":[{"name":"wp","href":"https:\/\/api.w.org\/{rel}","templated":true}]}}

SEMANA DA CRIANÇA- BERÇÁRIO FASE I
