{"id":1144,"date":"2024-10-30T09:47:15","date_gmt":"2024-10-30T12:47:15","guid":{"rendered":"https:\/\/ceibchapeco.com.br\/infantil\/?post_type=projetos&#038;p=1144"},"modified":"2024-10-30T09:47:15","modified_gmt":"2024-10-30T12:47:15","slug":"semana-da-crianca-bercario-fase-ii","status":"publish","type":"projetos","link":"https:\/\/ceibchapeco.com.br\/infantil\/projetos\/semana-da-crianca-bercario-fase-ii\/","title":{"rendered":"SEMANA DA CRIAN\u00c7A- BER\u00c7\u00c1RIO FASE II"},"featured_media":1154,"template":"","_links":{"self":[{"href":"https:\/\/ceibchapeco.com.br\/infantil\/wp-json\/wp\/v2\/projetos\/1144"}],"collection":[{"href":"https:\/\/ceibchapeco.com.br\/infantil\/wp-json\/wp\/v2\/projetos"}],"about":[{"href":"https:\/\/ceibchapeco.com.br\/infantil\/wp-json\/wp\/v2\/types\/projetos"}],"wp:featuredmedia":[{"embeddable":true,"href":"https:\/\/ceibchapeco.com.br\/infantil\/wp-json\/wp\/v2\/media\/1154"}],"wp:attachment":[{"href":"https:\/\/ceibchapeco.com.br\/infantil\/wp-json\/wp\/v2\/media?parent=1144"}],"curies":[{"name":"wp","href":"https:\/\/api.w.org\/{rel}","templated":true}]}}

SEMANA DA CRIANÇA- BERÇÁRIO FASE II
